 the remainder when 82073 is divided by 152.
145
What is the remainder when 359417 is divided by 51345?
2
What is the remainder when 74910 is divided by 342?
12
Calculate the remainder when 16104 is divided by 5345.
69
Calculate the remainder when 455341 is divided by 187.
183
What is the remainder when 13969 is divided by 660?
109
Calculate the remainder when 865548 is divided by 681.
678
Calculate the remainder when 110420 is divided by 55203.
14
What is the remainder when 1623 is divided by 267?
21
Calculate the remainder when 69515 is divided by 46.
9
Calculate the remainder when 7131 is divided by 148.
27
What is the remainder when 48983 is divided by 1232?
935
What is the remainder when 2507326 is divided by 11?
8
Calculate the remainder when 4659 is divided by 111.
108
What is the remainder when 79638 is divided by 268?
42
Calculate the remainder when 18162 is divided by 51.
6
Calculate the remainder when 443759 is divided by 23.
20
Calculate the remainder when 2806 is divided by 1397.
12
What is the remainder when 5018 is divided by 2491?
36
What is the remainder when 146274 is divided by 61?
57
Calculate the remainder when 2589 is divided by 97.
67
Calculate the remainder when 211230 is divided by 161.
159
Calculate the remainder when 58315 is divided by 11663.
0
Calculate the remainder when 43539 is divided by 70.
69
Calculate the remainder when 73567 is divided by 26.
13
Calculate the remainder when 111294 is divided by 1484.
1478
Calculate the remainder when 1716 is divided by 94.
24
What is the remainder when 68059 is divided by 1701?
19
Calculate the remainder when 7879 is divided by 238.
25
What is the remainder when 9594 is divided by 816?
618
What is the remainder when 11416 is divided by 456?
16
Calculate the remainder when 1264686 is divided by 49.
45
What is the remainder when 82789 is divided by 3?
1
What is the remainder when 239454 is divided by 151?
119
What is the remainder when 178972 is divided by 6?
4
Calculate the remainder when 32890 is divided by 567.
4
Calculate the remainder when 26334 is divided by 753.
732
What is the remainder when 49334 is divided by 7?
5
Calculate the remainder when 4781 is divided by 128.
45
What is the remainder when 6619 is divided by 473?
470
Calculate the remainder when 103186 is divided by 441.
433
What is the remainder when 12440 is divided by 4?
0
What is the remainder when 1342048 is divided by 46?
44
Calculate the remainder when 160811 is divided by 27.
26
What is the remainder when 46249 is divided by 27?
25
What is the remainder when 9751 is divided by 3248?
7
Calculate the remainder when 2441 is divided by 154.
131
What is the remainder when 815 is divided by 21?
17
Calculate the remainder when 8830 is divided by 8814.
16
Calculate the remainder when 744 is divided by 633.
111
What is the remainder when 781221 is divided by 24413?
5
What is the remainder when 4310 is divided by 426?
50
Calculate the remainder when 16519 is divided by 29.
18
What is the remainder when 2162 is divided by 1077?
8
What is the remainder when 374 is divided by 14?
10
Calculate the remainder when 5876 is divided by 2932.
12
Calculate the remainder when 4899 is divided by 2444.
11
What is the remainder when 2455 is divided by 107?
101
Calculate the remainder when 727 is divided by 84.
55
Calculate the remainder when 27664 is divided by 8.
0
What is the remainder when 1025 is divided by 61?
49
Calculate the remainder when 360419 is divided by 6436.
3
Calculate the remainder when 12742728 is divided by 143.
141
What is the remainder when 7518 is divided by 327?
324
What is the remainder when 910544 is divided by 108?
104
Calculate the remainder when 96104 is divided by 540.
524
What is the remainder when 422641 is divided by 44?
21
Calculate the remainder when 61111 is divided by 306.
217
Calculate the remainder when 1404 is divided by 227.
42
Calculate the remainder when 7051 is divided by 104.
83
What is the remainder when 79431 is divided by 39715?
1
Calculate the remainder when 16715 is divided by 113.
104
Calculate the remainder when 559902 is divided by 2097.
3
Calculate the remainder when 938824 is divided by 25.
24
What is the remainder when 141487 is divided by 47161?
4
Calculate the remainder when 81215 is divided by 376.
375
Calculate the remainder when 891812 is divided by 47.
34
Calculate the remainder when 128816 is divided by 1239.
1199
What is the remainder when 4019 is divided by 1337?
8
Calculate the remainder when 82818 is divided by 82.
80
What is the remainder when 391501 is divided by 21?
19
What is the remainder when 1849 is divided by 182?
29
What is the remainder when 134228 is divided by 33524?
132
Calculate the remainder when 6289 is divided by 121.
118
Calculate the remainder when 493414 is divided by 264.
262
What is the remainder when 200580 is divided by 33424?
36
What is the remainder when 210 is divided by 38?
20
Calculate the remainder when 12724 is divided by 1606.
1482
What is the remainder when 9592 is divided by 9582?
10
Calculate the remainder when 4687 is divided by 20.
7
Calculate the remainder when 49932 is divided by 24966.
0
Calculate the remainder when 12775 is divided by 54.
31
What is the remainder when 8819 is divided by 8734?
85
What is the remainder when 4106 is divided by 823?
814
What is the remainder when 8280 is divided by 2746?
42
Calculate the remainder when 33551 is divided by 243.
17
Calculate the remainder when 10058878 is divided by 640.
638
Calculate the remainder when 2415 is divided by 199.
27
What is the remainder when 121179 is divided by 1893?
27
Calculate the remainder when 506 is divided by 467.
39
Calculate the remainder when 64622 is divided by 21529.
35
What is the remainder when 3579 is divided by 271?
56
What is the remainder when 4732 is divided by 469?
42
What is the remainder when 34111 is divided by 62?
11
Calculate the remainder when 11237 is divided by 1899.
1742
What is the remainder when 10741 is divided by 3330?
751
Calculate the remainder when 27180 is divided by 9031.
87
Calculate the remainder when 17183 is divided by 51.
47
Calculate the remainder when 39379 is divided by 146.
105
Calculate the remainder when 18414 is divided by 9097.
220
Calculate the remainder when 15935 is divided by 3184.
15
Calculate the remainder when 23963 is divided by 353.
312
Calculate the remainder when 923 is divided by 68.
39
Calculate the remainder when 867 is divided by 794.
73
Calculate the remainder when 4258 is divided by 681.
172
What is the remainder when 3293 is divided by 146?
81
Calculate the remainder when 103501 is divided by 371.
363
Calculate the remainder when 2831 is divided by 166.
9
What is the remainder when 192583 is divided by 555?
553
Calculate the remainder when 11307 is divided by 11.
10
Calculate the remainder when 4715 is divided by 389.
47
Calculate the remainder when 1535982 is divided by 31.
25
Calculate the remainder when 16170 is divided by 626.
520
What is the remainder when 15268 is divided by 507?
58
Calculate the remainder when 7300 is divided by 7.
6
Calculate the remainder when 31217 is divided by 10395.
32
What is the remainder when 19172 is divided by 172?
80
What is the remainder when 61076 is divided by 17?
12
What is the remainder when 6364 is divided by 487?
33
Calculate the remainder when 9716 is divided by 748.
740
Calculate the remainder when 473922 is divided by 3291.
18
What is the remainder when 204562 is divided by 204552?
10
Calculate the remainder when 525 is divided by 15.
0
Calculate the remainder when 663 is divided by 370.
293
What is the remainder when 1450710 is divided by 2430?
0
What is the remainder when 50323 is divided by 445?
38
Calculate the remainder when 69022 is divided by 585.
577
Calculate the remainder when 61062 is divided by 179.
23
What is the remainder when 94411 is divided by 3255?
16
Calculate the remainder when 24923 is divided by 1311.
14
What is the remainder when 9298 is divided by 311?
279
What is the remainder when 95356 is divided by 128?
124
Calculate the remainder when 17953 is divided by 94.
93
Calculate the remainder when 18582 is divided by 6188.
18
Calculate the remainder when 20776 is divided by 562.
544
Calculate the remainder when 8837 is divi